{"id":5212,"date":"2020-07-23T14:28:22","date_gmt":"2020-07-23T14:28:22","guid":{"rendered":"https:\/\/stoffundteppichwelt.de\/?product=kissenhuelle-2874"},"modified":"2020-07-23T14:28:22","modified_gmt":"2020-07-23T14:28:22","slug":"kissenhuelle-2874","status":"publish","type":"product","link":"https:\/\/stoffundteppichwelt.de\/?product=kissenhuelle-2874","title":{"rendered":"Kissenh\u00fclle 2874 koralle mit Streifen und Ranken"},"content":{"rendered":"<p>Kissenh\u00fclle Nr. 2874 mit Reissverschluss, Motive variabel<\/p>\n<p>Gr\u00f6\u00dfe (in cm): ca. 40 x 40<\/p>\n<p>Farbe: koralle<\/p>\n<p>Preis: 12,90 \u20ac\/St.<\/p>\n<p>Material: 95%PES 5%PAC<\/p>\n","protected":false},"excerpt":{"rendered":"<p>Kissenh\u00fclle Nr. 2874 mit Reissverschluss, Motive variabel Gr\u00f6\u00dfe (in cm): ca. 40 x 40 Farbe: koralle Preis: 12,90 \u20ac\/St. Material: 95%PES 5%PAC<\/p>\n","protected":false},"featured_media":5213,"comment_status":"open","ping_status":"closed","template":"","meta":[],"product_cat":[72,73],"product_tag":[],"_links":{"self":[{"href":"https:\/\/stoffundteppichwelt.de\/index.php?rest_route=\/wp\/v2\/product\/5212"}],"collection":[{"href":"https:\/\/stoffundteppichwelt.de\/index.php?rest_route=\/wp\/v2\/product"}],"about":[{"href":"https:\/\/stoffundteppichwelt.de\/index.php?rest_route=\/wp\/v2\/types\/product"}],"replies":[{"embeddable":true,"href":"https:\/\/stoffundteppichwelt.de\/index.php?rest_route=%2Fwp%2Fv2%2Fcomments&post=5212"}],"wp:featuredmedia":[{"embeddable":true,"href":"https:\/\/stoffundteppichwelt.de\/index.php?rest_route=\/wp\/v2\/media\/5213"}],"wp:attachment":[{"href":"https:\/\/stoffundteppichwelt.de\/index.php?rest_route=%2Fwp%2Fv2%2Fmedia&parent=5212"}],"wp:term":[{"taxonomy":"product_cat","embeddable":true,"href":"https:\/\/stoffundteppichwelt.de\/index.php?rest_route=%2Fwp%2Fv2%2Fproduct_cat&post=5212"},{"taxonomy":"product_tag","embeddable":true,"href":"https:\/\/stoffundteppichwelt.de\/index.php?rest_route=%2Fwp%2Fv2%2Fproduct_tag&post=5212"}],"curies":[{"name":"wp","href":"https:\/\/api.w.org\/{rel}","templated":true}]}}